 is 1089 + 214180?
215259
In base 4, what is -120 - 1203022003?
-1203022123
In base 13, what is 0 - -174a69?
174a69
In base 12, what is 469233 + 3?
469236
In base 8, what is 254336 + 1536?
256074
In base 6, what is 2453242 - 115?
2453123
In base 6, what is 4223022 - -3423?
4230445
In base 8, what is -156041123 + 12?
-156041111
In base 4, what is -13022210212 - -1001?
-13022203211
In base 9, what is -27207336 - -3?
-27207333
In base 6, what is -1003511 - -321?
-1003150
In base 2, what is -101 - 110011100011011000110?
-110011100011011001011
In base 15, what is c74b - -150?
c89b
In base 12, what is -6a1b00 + 33?
-6a1a89
In base 13, what is 184b677 - -1?
184b678
In base 2, what is 100000100110101 + 1100010111?
100010001001100
In base 2, what is 1001 + 1100100010010111110100001?
1100100010010111110101010
In base 3, what is 2122221222222 - -12?
2122222000011
In base 9, what is -100071 + 2241?
-86730
In base 14, what is -301da2 - -13?
-301d8d
In base 8, what is -33346 - 305?
-33653
In base 9, what is -52535615 - -4?
-52535611
In base 8, what is 1456063 + -513?
1455350
In base 9, what is 1581 + 3778?
5470
In base 9, what is 14778845 - -7?
14778853
In base 9, what is -45164 + 1665?
-43388
In base 15, what is 5 + -67e29?
-67e24
In base 12, what is -52a - -147?
-3a3
In base 8, what is 1225 - 401355?
-400130
In base 14, what is 0 + 9813d0?
9813d0
In base 13, what is 8c6 + -1096?
-4a0
In base 14, what is 5 + -134726c?
-1347267
In base 4, what is 1323 + -12012032?
-12010103
In base 2, what is -100001110110000 - -111000100010?
-11010110001110
In base 9, what is -15081724 + 10?
-15081714
In base 3, what is 122110012112210 + -10?
122110012112200
In base 16, what is -c95 - f9?
-d8e
In base 5, what is -143314 - -113204?
-30110
In base 7, what is 105600 + -1302?
104265
In base 7, what is -14106 + -165?
-14304
In base 8, what is -32 - -1553153?
1553121
In base 14, what is 1802 + cc6?
26c8
In base 6, what is -153012 - 1352?
-154404
In base 10, what is 3998107 - -307?
3998414
In base 7, what is 12162431 - -156?
12162620
In base 14, what is 1348063 - b?
1348056
In base 8, what is 1512 + -125422?
-123710
In base 9, what is -5 + 780056?
780051
In base 5, what is 30011302301 + -1?
30011302300
In base 12, what is 37a1 - -54?
3835
In base 6, what is -550 - 15524501?
-15525451
In base 11, what is -2 + -1408730?
-1408732
In base 13, what is -283a - 9446?
-bc83
In base 10, what is 0 - 23775771?
-23775771
In base 11, what is -a433712 - 1?
-a433713
In base 5, what is 1 + -32110031143?
-32110031142
In base 16, what is -e2fca - ee?
-e30b8
In base 5, what is 42414101220 - 10?
42414101210
In base 10, what is 35778 + 38645?
74423
In base 6, what is -1131342250 - -10?
-1131342240
In base 9, what is 1435 + 168?
1614
In base 9, what is -2 - 50214046?
-50214048
In base 9, what is -1 + -32244141?
-32244142
In base 15, what is -2 + -2dd6a4?
-2dd6a6
In base 5, what is 3 - -1124413133?
1124413141
In base 16, what is -1a5 - e32?
-fd7
In base 16, what is -390ea2 - -5?
-390e9d
In base 3, what is 10021 + -12021202201221?
-12021202121200
In base 9, what is -132 - 174878?
-175121
In base 10, what is 331 - -30370?
30701
In base 2, what is 1001100 + -11011010110111001?
-11011010101101101
In base 14, what is a22 + 3d6?
1018
In base 11, what is -16888a + 953?
-167a37
In base 10, what is -62220 - 389?
-62609
In base 4, what is 2110033 - 100222?
2003211
In base 13, what is 465bb1 - 5c?
465b52
In base 9, what is 3315 - -100265?
103581
In base 11, what is -970447 - 2?
-970449
In base 2, what is -1000111001 - 10000100100100100111?
-10000100101101100000
In base 16, what is 12e - 32505?
-323d7
In base 2, what is 1011001110011011000101 + -1?
1011001110011011000100
In base 11, what is -8 + -1010a1?
-1010a9
In base 11, what is -71495278 + -1?
-71495279
In base 16, what is 1f5db - -c?
1f5e7
In base 4, what is -10 - 1331002210102?
-1331002210112
In base 15, what is 33d17 - -38?
33d50
In base 2, what is 10000 - -110100100110010001000011000?
110100100110010001000101000
In base 8, what is 260077 + 61?
260160
In base 14, what is -b7c499 + 0?
-b7c499
In base 2, what is 1 + -1000011010001101111001111?
-1000011010001101111001110
In base 15, what is -4 + 9eb0248?
9eb0244
In base 6, what is 40150 + 133433?
214023
In base 6, what is 341520 + 15542?
401502
In base 13, what is -90b261a + 3?
-90b2617
In base 5, what is -14 - -221340030?
221340011
In base 5, what is -20 + -121110022?
-121110042
In base 10, what is -60677 + 6231?
-54446
In base 6, what is 231432 + 12?
231444
In base 12, what is 10 - 6597723?
-6597713
In base 9, what is 30 - -8868011?
8868041
In base 2, what is -101110010000100001 - 110111110?
-101110010111011111
In base 5, what is 241 - -133334041?
133334332
In base 7, what is -3 + -21456252?
-21456255
In base 4, what is -113113032 + -20130?
-113133222
In base 14, what is -25 - -99cd8?
99cb3
In base 13, what is 69429 - -54?
69480
In base 2, what is -1011101 - 1100000111000110?
-1100001000100011
In base 10, what is 1168693 - -81?
1168774
In base 5, what is -104312002324 + -3?
-104312002332
In base 11, what is -258531 - -20?
-258511
In base 4, what is -12232123023 - -122?
-12232122301
In base 5, what is -2 + -434212241202?
-434212241204
In base 7, what is -215 - 115100424?
-115100642
In base 7, what is -55512 - -5405?
-50104
In base 8, what is 554233 - -701?
555134
In base 14, what is 0 + 10363cca?
10363cca
In base 16, what is 267c + 154d?
3bc9
In base 12, what is 2673 + -20002?
-1954b
In base 2, what is 10011010001001 + -11001110?
10010110111011
In base 3, what is 1020010122001201 + 12?
1020010122001220
In base 13, what is -ab9c6 - 1?
-ab9c7
In base 15, what is -623c3 + -3a?
-6240d
In base 16, what is -111 + 5c97?
5b86
In base 6, what is 20130 - 12124?
4002
In base 10, what is -1741 - -10149?
8408
In base 16, what is -2ef - -3a32?
3743
In base 7, what is 425 - -52134?
52562
In base 11, what is -73382aa + 7?
-73382a3
In base 2, what is -100100011000111111000111 - -100?
-100100011000111111000011
In base 6, what is 100 + 3312322240?
3312322340
In base 16, what is -24b15d6 + 2?
-24b15d4
In base 9, what is 84 - 566538?
-566444
In base 13, what is -437c9 + 20?
-437a9
In base 15, what is 5ec9e - -1?
5eca0
In base 12, what is -51a2396 - 3?
-51a2399
In base 15, what is -4c2c1a0 + 5?
-4c2c19a
In base 2, what is -110 - 100000001001010001100010?
-100000001001010001101000
In base 2, what is -10110011110100 + -111010010?
-10111011000110
In base 10, what is 15 + -5391832?
-5391817
In base 3, what is -20100221 + 1002020?
-12021201
In base 14, what is -3637 + 2ab9?
-95c
In base 11, what is 109 - -3125?
3233
In base 11, what is -29702a3 + -7?
-29702aa
In base 3, what is 11122220022220 + -10202?
11122220012011
In base 16, what is 6 - b013e?
-b0138
In base 2, what is -1100001000010000000001 + -1001?
-1100001000010000001010
In base 8, what is 4 - -4103000?
4103004
In base 14, what is 15395d9b - 0?
15395d9b
In base 5, what is 104142 - 4110?
100032
In base 16, what is 110e5 + -1e?
110c7
In base 13, what is -1481992 - -1?
-1481991
In base 8, what is 14162 + 1013?
15175
In base 5, what is -300 - -21134132?
21133332
In base 4, what is 2013021 - -12001?
2031022
In base 14, what is 173c4b - 4?
173c47
In base 7, what is 116143343 - 0?
116143343
In base 13, what is 57b3a7 + -4?
57b3a3
In base 11, what is 11 - -a001041?
a001052
In base 14, what is -2 - -3a099b6?
3a099b4
In base 12, what is -6501 + 237?
-6286
In base 12, what is -11 - 242960?
-242971
In base 12, what is -9 + 6ba531?
6ba524
In base 10, what is -16361 + 1274?
-15087
In base 8, what is 156120435 + -20?
156120415
In base 9, what is -83455405 - 5?
-83455411
In base 2, what is 10110010100100100010 + 110111?
10110010100101011001
In base 12, what is a47380 - 5?
a47377
In base 4, what is -12 + -11030320032?
-11030320110
In base 7, what is -45216 + -116411?
-164630
In base 9, what is 563 + -264550?
-263876
In base 16, what is -11b - a424?
-a53f
In base 14, what is 18745 + -3d3?
18352
In base 14, what is 7a941 + 417?
7ad58
In base 15, what is 5 - -64948e?
649494
In base 5, what is -1214123000 - -111?
-1214122334
In base 15, what is -4 + 79d294?
79d290
In base 5, what is 0 + -12412041441?
-12412041441
In base 16, what is -14963b5 - 26?
-14963db
In base 4, what is 123312200 + 2211?
